 g and 16?
16
Suppose 2*a = 6 + 6. Let j(y) = 55*y - 6. Let l be j(a). What is the greatest common divisor of l and 36?
36
Let s(o) = o**2 - o + 4. Let z be s(5). Suppose 0 = 228*m - 244*m + 960. Calculate the highest common divisor of z and m.
12
Let c be 169 - (5 + (-5 - -6 - 1)). What is the greatest common divisor of c and 205?
41
Let v be ((-3)/((-3)/71))/1. Let c = 343 - v. Suppose 7*p = -3*l + 2*p + 157, c = 5*l - 2*p. What is the highest common divisor of l and 6?
6
Let s be (19/(-114))/(3/(-882)) - -6. What is the highest common factor of s and 33?
11
Suppose -h = -0*h - 46. Let l(n) = -8*n + 6. Let a be l(5). Let x = h + a. What is the greatest common divisor of 6 and x?
6
Suppose 0 = -6*c + 127 + 155. Let z = c - 21. Let j be (26/8)/(5/60). Calculate the greatest common divisor of z and j.
13
Let x(r) be the third derivative of -r**4/12 + 37*r**3/3 - 16*r**2. Let t be x(17). What is the greatest common divisor of t and 16?
8
Suppose -4*d + x + 126 = -13, -2*d + 3*x + 77 = 0. What is the greatest common factor of d and 85?
17
Let m = -2 - -11. Let d be ((-185)/(-925))/((-2)/(-10)). Calculate the highest common divisor of d and m.
1
Let u be (91 + 1/(-1))*(-2108)/(-310). What is the greatest common factor of 68 and u?
68
Suppose -2*p + 2 = -p. Let n(k) = 3 + 2 - 2*k**p - 3*k**3 + 2 - k - 5. Let t be n(-2). Calculate the greatest common factor of 220 and t.
20
Let g(y) = 3*y**2 + 7*y. Let r be g(-5). Suppose 5*m + 10 = 4*d + r, 2*m - 12 = d. What is the greatest common factor of 1 and m?
1
Let m = -335 + 639. Calculate the greatest common factor of 19 and m.
19
Let s = -174 + 216. Calculate the greatest common factor of s and 98.
14
Let k be 36/10 - (-3)/(-5). Suppose -k*s + 174 = -186. What is the highest common divisor of 15 and s?
15
Suppose -3*m = 2*m, -2*y - 12 = -3*m. Let j(v) = v**3 + 10*v**2 + 5*v - 4. Let d be j(y). Suppose 0*r = -r + d. What is the greatest common divisor of r and 10?
10
Let x(z) = 6*z + 1. Let h be x(-1). Let f = h + 16. Suppose 169 = 5*i + 2*n, 4*i + 4*n = -0*i + 140. Calculate the highest common factor of f and i.
11
Let j(m) = 2*m**2 - m. Let d = 22 + -16. Suppose f - 16 - d = -4*x, 0 = 2*f + 5*x - 29. Let b be j(f). What is the highest common factor of b and 15?
3
Suppose j = x + 57, -2*x = 3*j + 79 + 35. Suppose 3*n - 2*h - 495 = -2*n, 4*n + h = 409. Let c = x + n. What is the greatest common divisor of 11 and c?
11
Let v be (-1131)/(-18) - (4 + (-50)/12). Suppose -4*c + 31 = s, 0 = c - 0*c + 2*s + 1. What is the greatest common factor of c and v?
9
Suppose h - 256 = 2*h. Let r be (15/(-10) - -3)*h/(-3). Calculate the highest common factor of 16 and r.
16
Let w = -4 + 6. Suppose -w*l - 18 = -6. Let c(i) = i**3 + 7*i**2 + 2*i - 12. Let q be c(l). Calculate the greatest common factor of q and 6.
6
Let x = -92 + 348. Calculate the greatest common divisor of 8 and x.
8
Let l = -9 - -16. Let z be (-18)/(((-4)/13)/2). Let p = z - 61. Calculate the greatest common factor of l and p.
7
Let l(b) = -b**3 - 6*b**2 - 9*b - 2. Let h be l(-4). Suppose m = 4*k + 129 + 12, -270 = -h*m + 2*k. Calculate the greatest common factor of 19 and m.
19
Let v(c) = -30*c - 129. Let z be v(-14). What is the greatest common factor of 194 and z?
97
Suppose -81 = -4*n + z, 5*n - 134 + 35 = -z. Suppose 7*g - 368 = 752. Calculate the greatest common factor of g and n.
20
Let d be 37/9 - (-2)/(-18). What is the greatest common divisor of 20 and d?
4
Let o be 14192/15 - (-132)/(-990). What is the greatest common factor of 44 and o?
22
Suppose -130*r + 117 = -117*r. Calculate the highest common divisor of r and 24.
3
Let g be ((-168)/20)/(-1)*5. Let m = 129 + g. Calculate the greatest common divisor of 19 and m.
19
Suppose c + 4*d = -12 + 8, -3*c = d - 32. Calculate the greatest common factor of 42 and c.
6
Let v = -72 + 127. Calculate the greatest common factor of 1045 and v.
55
Let g = 24 - 40. Let h be g/28 - (-120)/14. Suppose h*m = m + 126. What is the highest common divisor of 54 and m?
18
Let y = 105 + -57. Let c be 5 - 0 - 0/(-24). Suppose -360 = -0*w - c*w. What is the greatest common factor of w and y?
24
Suppose 0 = 5*o - 20, -3*z - 38*o + 6447 = -35*o. Calculate the highest common divisor of z and 30.
15
Let s be (-997)/(-2) + 5 - (-2)/4. Calculate the highest common divisor of s and 12.
12
Let u(a) = 49*a. Let m be u(1). Suppose m = q - 21. Calculate the greatest common factor of q and 14.
14
Let k be 24*(6/(-4))/(81/(-72)). What is the greatest common factor of 144 and k?
16
Let a(i) = -i**2 + i + 2 + 4 + 2*i**2 + 0*i**2. Let q = -5 - -10. Let c be a(q). Calculate the highest common factor of c and 18.
18
Let h(c) = 17*c - 148. Let w be h(10). What is the highest common divisor of 319 and w?
11
Let d be (70/(-4))/((-16)/32). Suppose -2*p - 3*t = -d, 4*p - p - 25 = t. Let z(y) = 9*y - 2. Let h be z(3). Calculate the highest common factor of h and p.
5
Suppose 236 + 889 = 5*g. What is the greatest common factor of g and 405?
45
Suppose 0 = -3*g + 5*g - 2*w - 32, w = 0. Suppose 2*c + 20 = 5*c + 4*z, c - z = g. What is the highest common factor of 12 and c?
12
Let m = 0 - 0. Let y = 440 - 384. Suppose y = -m*a + 4*a. Calculate the greatest common factor of 7 and a.
7
Suppose -3*b + 252 = -4*y, 11*b = 6*b + 2*y + 434. What is the highest common factor of b and 44?
44
Let b(v) = -v**3 - 12*v**2 - 15*v + 4. Let z be b(-11). Calculate the greatest common factor of 168 and z.
24
Let u(r) = 3*r - 19. Let a be u(-6). Let q = a + 57. What is the highest common divisor of 220 and q?
20
Let k(u) = 2*u - 4. Let q be k(6). Let x(d) = 2*d + 30. Let s be x(-9). What is the highest common factor of q and s?
4
Let j = -755 + 1306. Calculate the greatest common factor of j and 29.
29
Let b(y) = y**2 + 2*y - 7. Let w be b(-4). Suppose -u = 5*o - w, -2*u + 8 + 2 = 2*o. Calculate the greatest common factor of 30 and u.
6
Suppose 0*i + 2*i = -2*x + 14, 0 = -x + 3*i - 1. Suppose 0 = -4*q - 5*w + 248, -2*q - x*w + 13 + 121 = 0. What is the greatest common divisor of 19 and q?
19
Suppose -94 = -10*j + 16. Suppose 4*m - j = 49. What is the highest common divisor of 75 and m?
15
Let z = -12 + 8. Let k = z - -13. Let v = k - -9. What is the greatest common divisor of v and 144?
18
Suppose 3*m - 1209 = 4*k, 3*k - 3504 = -5*m - 1489. Let i = 23912 - 23899. Calculate the highest common divisor of i and m.
13
Suppose 2*m - 5*m + 15 = 0. Suppose -26 = -2*i + m*j, -4*i - 4*j = 1 + 3. Suppose 0 = 2*a - i*a + 16. Calculate the greatest common divisor of a and 112.
16
Suppose -72*l + 22*l = -6300. What is the greatest common divisor of 168 and l?
42
Suppose 25 = 5*m, -1175 = -5*y + 4*m - 255. Calculate the highest common factor of y and 47.
47
Suppose -y - n + 3 - 1 = 0, -5*n = 3*y - 6. Calculate the greatest common divisor of y and 3.
1
Suppose 274*u - 538 = 61*u + 740. Let k be (-4)/14 + 674/7. Calculate the highest common factor of k and u.
6
Suppose 0 = 3*f + 5*w - 22, 2*w + 0*w - 6 = -f. Let b(d) = -d**2 + 16*d - 4. Let n be b(13). Calculate the greatest common divisor of f and n.
7
Let q(x) = 4 - 129*x + 2 - 2 - 1. Let t be q(-1). What is the highest common factor of t and 33?
33
Let k(y) = 3*y**3 - 2*y. Let z be k(2). Let u(r) = r - 3. Let o be u(5). Suppose -150 = -s - o*s. Calculate the greatest common factor of s and z.
10
Let d = -14 + 15. Let n be ((-22)/2 + d)*1. Let q(a) = -a**2 - 12*a + 7. Let g be q(n). Calculate the highest common factor of 9 and g.
9
Suppose -15*x + 57 = -12*x. Let m = x + -18. What is the highest common divisor of m and 8?
1
Let c(g) = 7*g - 27. Let o be c(8). Calculate the greatest common factor of 290 and o.
29
Let x be 4/14 - (-2232)/28. What is the greatest common divisor of 560 and x?
80
Let u(j) = j + 8. Let q be u(-6). Suppose -3 = -t + 2*l - 1, -5*t - q*l + 22 = 0. Let h = -723 - -759. What is the highest common factor of t and h?
4
Let b = 0 + -7. Let x(m) = -m + 38. Let v be x(b). Calculate the greatest common factor of v and 18.
9
Let q = 61 + -42. Suppose 0 = 5*t + 6 - 21. Let z = q - t. Calculate the highest common divisor of z and 8.
8
Let y = -40 + 68. Let a be (-577)/(-4) + (-7)/y. Suppose -6*l = -2*l - a. Calculate the greatest common factor of 9 and l.
9
Let a(c) = 2*c - 19. Let r be a(10). Let y be 12/4 +